 2.
12
1 - (-6 + 0) - 9
-2
What is 24 + (-5 - 1) + (15 + -17 - -12)?
28
What is the value of 1398 + -1379 - (-2 + -1 + -12)?
34
Evaluate -7 + 10 - 7 - (5 + -5 + -2).
-2
What is the value of 26 + 18 + -11 + -12?
21
5 + (-4 - 3) + (-1 - (3 - 0))
-6
(-25 - -10) + (33 - (4 - -7))
7
Calculate (12 - (5 + 2) - 3) + 11 + -5.
8
Calculate -21 + -7 + (6 - 5) + -7 + 4.
-30
What is the value of -4 - (-19 + 7 - 7) - (1 - 2)?
16
31 + (50 - 61 - (-2 + 5))
17
-3 + (8 - 2) - (15 + -1 - 13)
2
Evaluate 2 - (-4 - -1 - (28 - 7 - 29)).
-3
What is the value of 35 - (85 + -34) - -33?
17
1 + 0 + -2 + (-1 - 11 - -8)
-5
-11 + (19 - 12) + -6
-10
Evaluate -1 - 22 - (272 - 287).
-8
Evaluate 725 + -754 + (-2 - -35).
4
Calculate -28 + -2 + 1 + 5.
-24
Evaluate (2 - (-1 - -14)) + (-16 + 0 - -2).
-25
3 + 21 + -15 - -4
13
4 + (-12 - (4 + -6 - 5))
-1
5 - ((5 - 1) + -95 + 96)
0
Calculate (4 - (3 + 2)) + (13 + -4 - -2).
10
What is (-13 - (-13 + 4) - -1) + 0 + -2?
-5
7 - ((-28 - -29) + (7 - -2))
-3
What is -11 + 2 - (-155 - -168)?
-22
56 - ((-2 + 5 - -2) + 10)
41
What is 1 + 13 - (-241 + 247)?
8
Calculate -1 + (3 - -1) + 234 + -234 - -7.
10
What is 2 - 0 - (-12 + 23) - -11?
2
Calculate (-202 - -213) + (3 - 6 - (1 + 0)).
7
Calculate -2 - (-8 + (-12 - -5) + 20).
-7
Calculate 13 + 10 + -23 + 0.
0
Evaluate -11 - -37 - 38 - (-2 + -16).
6
What is 0 - (-3 + 0 - (3 + -5 - -11))?
12
Evaluate (-5 + 12 - 1) + 8 + -13.
1
Evaluate 9 + 8 + -55 - -42.
4
What is 15 - (10 - (16 + -14))?
7
What is the value of -1 - (-14 + (-9 - -29))?
-7
Evaluate -125 - -95 - (-31 - 1).
2
What is (0 + 4 - -4) + (11 - -10) + -31?
-2
(-44 - (-58 + -14)) + -67
-39
What is (-31 - (-12 - -10) - -6) + -12?
-35
(-1 - -11 - 14) + -6
-10
-13 + (-23 - -45 - 9)
0
What is the value of (-1 + 1 + -1 - -15) + 112 + -115?
11
Evaluate 1742 + -1734 - (1 + -2 - (0 + 1)).
10
Evaluate 6 + 7 + -4 + (5 - 2).
12
Evaluate -22 - -36 - (-3 - (0 - -5)).
22
Calculate -8 - (8 + -12 - 10) - (0 - -11).
-5
Calculate (5 - 11) + 15 + (-10 + 9 - 4).
4
What is the value of -33 - (-13 + 0) - (3 + -3)?
-20
What is -7 + (-9 - 0) + (-5 - (4 - 1))?
-24
Evaluate 1 - (1 + -26 - -27).
-1
Evaluate -508 + 522 - (-1 + 5).
10
9 + 3 + (-5 - 1) + 30 + -40
-4
What is the value of 8 + -5 + (1 + -10 - -11)?
5
What is the value of 7 + 12 + (-1 - -6 - (10 - 0))?
14
(-125 - -128 - (6 + 1 + -2)) + 13
11
Evaluate -68 + 77 + 2 + -2 + -1.
8
Calculate -4 + (6 - 10) + (-2 - -5).
-5
What is the value of (-11 - (-15 + -14 + 4)) + -7?
7
Evaluate 42 - (21 - (-48 - -25)).
-2
What is 22 - (15 - 20 - -21)?
6
-12 - (-13 - 1 - -5)
-3
Evaluate 0 + -2 + 0 + 1 + 1 + 2.
2
Evaluate -27 + 27 - (3 + -4).
1
Calculate 3 + -9 + 11 - -25.
30
Calculate 4 + 0 - (12 + -1 - (-26 - -43)).
10
Evaluate 1 + (4 - 9 - (-6 + 0)).
2
0 - 1 - -7 - (23 - 19) - -2
4
What is -3 + 9 - (-48 + 73 + -29)?
10
Calculate (5 - (-8 - -4 - -14)) + -8.
-13
31 + (-11 - 19 - 18)
-17
Calculate -2 + 0 + 0 + 8 + -62 + 54.
-2
Calculate -6 + 12 + -10 + -14 + 0.
-18
Evaluate 154 + -151 + (2 + -2 - (1 + -6)).
8
What is (3 - -4 - 14) + -1 + 0?
-8
Evaluate -17 + (9 - -8 - 3) - (4 + 0).
-7
Calculate 0 + -3 - (-5 - (-5 - -8 - 3)).
2
12 - 42 - (4 + -25)
-9
Evaluate -6 + -7 + (-2 - 6 - (-18 + 1)).
-4
Calculate 10 + (-21 - (0 - 31) - (0 + 7)).
13
What is the value of -1 - 0 - (-325 + 323 - (-5 - -1))?
-3
Calculate -19 - (2 + 7 + -10 + -8).
-10
What is -1 + 14 + 15 + -2 + -5?
21
What is (-1 - -6) + (-162 - -143)?
-14
What is the value of 21 + -5 + -1 + -22?
-7
What is 9 - 26 - 7 - -10?
-14
Evaluate 11 + (8 + 2 - 8) + 9.
22
Evaluate 132 + -142 - (0 - -2).
-12
Evaluate (6 - (-21 - -29)) + 8.
6
17 + (19 - 20 - 10)
6
What is -7 - 0 - (-85 + 54)?
24
What is the value of 86 + -45 - 51 - (-29 + -1)?
20
What is the value of -154 - -142 - (1 + -14)?
1
What is the value of -5 + -10 + -1 + 21?
5
Evaluate (-12 - 2) + 13 + 7.
6
Calculate (-11 - 0) + (30 - (14 + 0)) + -10.
-5
What is -22 - -4 - -24 - -5?
11
What is the value of -10 - (4 + (13 + -26 - (-1 + -5)))?
-7
Calculate ((3 - 3) + -2 - (5 + 2)) + 6.
-3
-8 + (11 - 0 - 14)
-11
Calculate 24 - (-11 + 19 - 3) - -1.
20
What is (9 - (7 + -17)) + -25?
-6
-2 - (1 + 12 - (-37 - -42))
-10
-7 - ((-6 - -7 - 7) + 2 + 6)
-9
Evaluate 60 + -18 + 6 - 12.
36
What is the value of -24 + 15 + -1 - (0 + -2 - -9)?
-17
Calculate 9 + -2 + (-15 - -1).
-7
What is -13 + 44 - (-18 - -27 - 9)?
31
What is -6 + (-9 - -17) - 3?
-1
Calculate 4 - 11 - (4 + -8).
-3
Evaluate 2 + -2 - 11 - ((-3 - 3) + 19).
-24
Evaluate (56 - 52) + 2 + (-2 - -2 - 8).
-2
Calculate -15 - (-1 - (-7 + 13) - (-1 + -5)).
-14
Calculate -3 + 5 + 11 + -9 + -9 + 19.
14
Calculate 14 - 4 - (-10 - (11 + -26)).
5
Calculate 13 + ((-22 - -6) + 11 - (-7 - -3)).
12
Evaluate -7 - (-3 - (-9 + 6 + 1)).
-6
What is the value of -5 + (-3 - -14) + 2 + (-6 - -5)?
7
What is the value of -6 + -4 + 4 - (6 + -4)?
-8
Evaluate (2 - (0 - 12)) + -6 + -4 + -4.
0
What is -8 - -23 - 14 - -10?
11
Evaluate 27 - (9 - 19 - -29).
8
What is the value of (-5 - (1 + -1)) + 114 + -111 - 17?
-19
Evaluate 11 + (37 + -31 - (3 + 4)).
10
Calculate -1 + (-1 - -1) + -5 - (208 - 201).
-13
Calculate -38 + (14 + -10 - (-4 - 1)).
-29
What is the value of 3 + 4 + (2 - 5) + 1?
5
Calculate 1 + -7 + -19 + (17 - (10 + 6)).
-24
0 - (11 + (-6 - (-4 - -5)) + 3)
-7
(-1 - -3) + -14 - (-7 + 0)
-5
Calculate 13 + 5 + (-2 - (6 - -3)).
7
What is the value of (6 + -26 - -7) + (17 - -4)?
8
9 + -4 + (-5 - -5) - (-16 - -13)
8
Evaluate -21 - (12 + (10 - 31)).
-12
What is 5 + 1 + -21 - (4 - (-2 + 2))?
-19
What is the value of 1 + -11 - (158 + -170) - -7?
9
What is the value of 0 - (-1 - (4 + 1)) - (40 - 26)?
-8
What is 9 + 0 - (13 + 3)?
-7
(-9 - 7) + 7 + 7 - 2 - 8
-12
Evaluate 2 + (0 - (3 + -3) - -5) - -5.
12
What is the value of -8 - -10 - (3 + (2 - 4) + 4)?
-3
What is the value of 0 + 10 + -16 + -3?
-9
4 + (23 - 11) + -9 + -15 + -18
-26
Evaluate (45 - 37) + 0 + -1 + 0 + 4.
11
What is the value of 38 + (-19 - (-12 + 33))?
-2
What is the value of -29 + 41 + 0 - 11?
1
-1 + (10 - (-7 + 3 + 9))
4
2 - 1 - -1 - (20 + -23) - 11
-6
What is the value of (55 - 46) + 0 + -7 - -5?
7
Calculate 8 - 4 - (56 + -53).
1
Calculate 3 + (3 - 5) + (32 - 36).
-3
Calculate -5 - (30 - (16 - (-10 - (-5 + -14)))).
-28
What is the value of -6 + (-5 - (-19 + 7)) - 2?
-1
Evaluate 36 - (-2 + -10 + 56).
-8
-10 + 11 + -2 + -4 + -3 + -4
-12
7 - 16 - -19 - (2 + -5)
13
3 + (-3 - (17 - (28 - 18)))
-7
Calculate 11 + -9 + 2 + -4.
0
Evaluate -20 + 3 - (-3 - -6).
-20
What is the value of 15 + 8 + 0 + -24?
-1
What is the value of -13 - (-4 + -3 + (-8 - -11))?
-9
Evaluate 3 + (-1 + 11 - 0) - -4.
17
Calculate -60 + 65 + (2 + 0 - (-24 - -40)).
-9
Evaluate (20 - (-21 + 48)) + 8.
1
Evaluate -11 - (18 + -6 + -21).
-2
What is -1 - -14 - (10 - 5 - -6)?
2
-24 - (20 - 30 - 6)
-8
Calculate 15 - (0 + 4 - (12 + -12)).
11
Calculate -110 + 108 + 4 + 0 - -9.
11
What is the value of 0 - (12 + 0) - -13?
1
Calculate -6615 + 6579 + (9 - (-1 + 1 + 0)).
-27
What is the value of -4 + 7 + -14 + 5?
-6
-1 + -3 + -11 + 8 - (-52 - -50)
-5
Evaluate (-16 - -20) + 6 - (-13 + 2).
21
16 + (1 - -1) + (-10 - -3)
11
-11 - (-7 - -16) - -34
14
Evaluate -14 + 7 + 2 - (2 + 0 - 3).
-4
Calculate (-2 - 3) + -3 + 19 + -12 + 19.
18
(-28 - -4) + 44 + -26
-6
What is the value of 3 + -9 + (4 - (5 - 2)) - -6?
1
Calculate 3 - (3 + (-9 - 1) + 4).
6
Evaluate -2 + 8 + 2 + -21 + (3 - 1).
-11
What is 98 + -49 + (-10 - 14)?
25
Evaluate -2 - 0 - (-30 + (9 - -1) + -2).
20
Evaluate -6 - (-5 + 7 + 7 + -8).
-7
Evaluate (-11 - 17 - -21) + -10.
-17
Calculate 30 - 39 - (-25 - (-5 + 8)).
19
-26 + -6 + -14 + (9 - -23)
-14
What is the value of 12 + -41 + 67 + -45?
-7
Calculate 22 + -36 + -9 - -26.
3
Calculate (2 - 2) + -2 + (-11 - -18).
5
Evaluate 6 + -16 + 8 + -6.
-8
What is -15 + 17 + -4 + 5?
3
What is the value of 10 + (5 - 7) - -5?
13
Calculate 5 + 2 + -6 + -19.
-18
What is the value of -36 - (-25 - (-3 - (-7 - -17)))?
-24
What is (-3 - 4 - (2 - 15)) + -15?
-9
Calculate 23 + (5 + -22 - -26 - (15 - -2)).
15
Evaluate -15 + 14 + 1 - -8.
8
Evaluate (25 - 11) + -12 + 0.
2
Calculate (-1 + -1 - (13 + 8 - 13)) + 2.
-8
What is the value of -34 + 0 - (-58 - -47)?
-23
30 + (-61 - -31) - 5
-5
What is the value of -9 + (-8 - -13) + 7 - (-8 + 1)?
10
Calculate (-4 - (-2 - -4) - 4) + 26.
16
2 + -2 + -77 + 59
-18
Calculate 16 - (-24 + 7 + 48) - 20